7 + -79?
-54
What is 99 + (5 - 0 - 0 - -2) - (-143 + 137)?
112
What is the value of -78 + (-14 - (-24 + (8 - 7))) + 2?
-67
Calculate -89 + 32 + 2 - -52.
-3
Calculate (-3 - (10 + 6 + -9 + -21)) + 54 + -3.
62
Calculate -21 + -31 + ((33 - 15) + -5 - 30).
-69
Evaluate -131 + -166 + 311 - (3 - 2 - -62).
-49
What is (-62 - -112 - (95 + 1)) + 22 + 2?
-22
Evaluate (-28 - -14) + (3 - -14) - 87.
-84
Evaluate -33 - (-12 + (13 + -35 - -20) + (-2 - -4)).
-21
What is the value of 1 - (-11 + -5 + (0 - -14) - 8)?
11
What is the value of (2 - 36) + (-295 - -323)?
-6
Calculate (3 - (1 - -1) - 84) + (0 - (-50 + 39)).
-72
2 + 26 + 3 - (-37 - -1 - (41 - 73))
35
(-40 - (-92 + 104)) + -34
-86
What is (-4 - 1) + 104 + (5 - (-14 - -29) - -11)?
100
(-7 + 12 - (-28 - -24) - 16) + -66 + 1
-72
Evaluate (-51 - 25) + 91 - -49.
64
What is (35 - (-22 - -11)) + -7 + -4 + -1 + -1?
33
Calculate -9 + (-5 - -10) - -6 - 4 - (-5 + -18).
21
Calculate 5 + (-91 - (10 + -1)).
-95
Evaluate (14 - (-40 - -21)) + -4 + 3 + -12.
20
(-22 - (-23 - -22)) + -23 + -27
-71
What is -86 - (6 + -45 + 39 + -31)?
-55
What is -81 + (-10 + -17 - -13) + 1 + 15?
-79
Evaluate 38 - 1 - (836 + -845).
46
(50 - 125 - -68) + -3 + (-1 - -2)
-9
Calculate -59 - (-37 - -75 - 116).
19
Calculate 10 - (8 - (5 + -1 + (-42 - -10))).
-26
What is -20 - -10 - (-21 + 35 + -43)?
19
What is 28 + (-10 - 7) + -20 - -9?
0
What is 20 + (-107 + 1 - (1527 + -1538))?
-75
Evaluate 645 + -614 - (3 - (-78 + -2)).
-52
Calculate -15 + -91 + (-163 - -215).
-54
Evaluate 37 - (-36 + 1 + 16 + -57).
113
-36 + (43 + -48 - 1)
-42
Calculate -3 - 2 - (42 - (-1 + -6 + 163)).
109
What is -7 + -1 + 17 - (-40 + (3 - -20 - 42))?
68
Evaluate (-62 - -102) + -32 - (0 - 3 - -3).
8
Calculate (-10 - 101) + 466 + -428.
-73
What is (1592 - 1539) + 0 + -3 + 0 + -10?
40
What is the value of (1 - -9) + -68 + -28 - (37 + -33)?
-90
Calculate (-17 - (-22 - -13) - (-11 - -2)) + -9.
-8
7 + (2 - -1) - ((13 - -1 - 7) + -12)
15
What is the value of 3 + 10 + (-1248 - -1197)?
-38
Evaluate (121 - 152) + 35 + (18 - 0).
22
What is 122 - (-21 + 5 - -49)?
89
(-37 + 64 - 7) + -44
-24
Calculate 30 + -66 + (40 - 23).
-19
What is the value of -60 + 36 - (-9 + 1 + -4) - -25?
13
Calculate -7 + 21 + 47 + 10 + -20.
51
What is the value of 19 + -1 + -120 + -189 + 223?
-68
Evaluate (-58 - -41 - (-62 - 4)) + (-1 - 0).
48
Calculate -28 - (1 + 28 - 21) - ((2 - 1) + -1).
-36
-29 - (-9 + 97 + -4 + -22)
-91
What is the value of 0 + -16 + -1643 + 1698?
39
-2 + 2 + -7 + (-2894 - -2870)
-31
Calculate (25 - 12 - (2 + (14 - 65))) + -12.
50
(4 - -11) + (43 + -47 + 4 + 2 - -2)
19
-32 + -43 + 46 - (-2 - 1)
-26
What is 2 + -76 - (935 - 1003)?
-6
-114 + (-18 + 8 + 9 - (-2 - -8)) - -10
-111
(1 - 3) + (14 - 2) - (641 + -639) - -75
83
Calculate (-9 - 1 - (675 - 729)) + 19.
63
36 + -23 - (166 + -185)
32
Evaluate (3 - -2 - ((1 - 3) + (-11 - 23))) + -1.
40
Evaluate 8 - (35 + 1 - 64).
36
Evaluate 5 - (-3 - -7 - -13 - -45).
-57
Evaluate -10 + 0 + (61 - 62) + 81 + -58 - 56.
-44
Calculate 681 + -802 + (1 - -85).
-35
What is 73 + (27 + 0 - (44 - 43))?
99
73 + -16 + 0 + -3 + -101 + 85
38
What is 40 + 10 + (45 - 66 - 164)?
-135
What is 97 - (-46 + 114) - (73 - 3)?
-41
What is the value of -82 + (-14 - (-69 + 18))?
-45
Calculate -98 + (66 - -12) + 9.
-11
37 + (-98 - -168) + -11
96
What is 1 - (-1 - 56) - ((-1 - 13) + 52 + -33)?
53
Calculate -18 + (-11 - (-36 - -13)).
-6
What is -3 + (-11 + 23 + -4 - 9 - -47)?
43
3 - -7 - (78 + -87 + -22)
41
What is the value of (-6 - 60) + -8 - -16?
-58
Calculate -3 + -2 + 9 - (50 - (-30 + 46)).
-30
17 + (-3 - (-1 - -1)) + (-782 - -801)
33
374 - 382 - (-13 + (-2 - -2)) - 1
4
Evaluate (-49 - -56) + 26 + -44.
-11
-165 - (84 + (-88 - 75))
-86
(8 + -21 - -6 - -16) + 9 + 3 + 0
21
Evaluate -14 - -4 - -9 - 7 - (10 - (-8 + 20)).
-6
What is the value of -4 + -195 + 179 + 5 + 1 + -8?
-22
-8 + (-23 - -30) - 58
-59
What is the value of -544 - -513 - (-1 - 49)?
19
Calculate 35 + (1 - -1) - (19 + (-11 + 17 - 21)).
33
Calculate -8 + -9 + 12 + -3 + -41 - (-6 + 0).
-43
What is the value of (-16 + 97 - (33 - 11)) + -20?
39
Calculate 35 + -9 - 17 - (-27 + (-5 - -2)).
39
Calculate -63 + 90 + (-4 - 27) - (68 - 4).
-68
Evaluate 19 + (25 - -20) - (1 + (9 - 15)).
69
Evaluate 8 + (-4 - (2 - 0)) + 93 + -67.
28
What is 3450 + -3435 - (3 - 1 - 28)?
41
(-3 + -4 + -4 - -8) + 22 - -2
21
What is the value of 11 - (-8 + 0 + 13 + 5 + -12 + -2)?
15
-547 + 526 - (-10 - (4 - 2) - -2) - 20
-31
53 + -58 + -15 + 45 + 0
25
What is -7 + (-8 - -3) + 85 + 0 + -29?
44
What is the value of 81 + -137 - (27 - 7)?
-76
What is -2 - 96 - (-59 + -24 - -81)?
-96
-22 - -3 - (-22 - (-5 - 22))
-24
3 + -25 + -11 + (-3 - -11)
-25
Evaluate 12 + 12 + (-23 - (-10 + -2)) + -107 + 0.
-94
What is -92 + 18 + ((-4 - -3) + -2 + -4 - 1)?
-82
Calculate (7 + -28 - -44 - 19) + 17.
21
What is the value of -542 - -515 - (2 + -84) - -3?
58
What is the value of -111 - (-137 - (-15 + 12))?
23
Calculate (13019 - 12866) + -86 + -2.
65
Calculate -21 + (17 - 118) + -9 + (34 - 6).
-103
(2 + 0 - -58) + -1 + -3 + 3
59
What is the value of -2 + (0 - -6) + (-1 - 1) + 24482 + -24488?
-4
Calculate 25 - ((10 - (2 + 9 + -23)) + -15).
18
What is 111 + (-38 - 190) - 0?
-117
What is the value of (7 - ((-7 - -23) + -5)) + (1 - (48 + -5))?
-46
20 - (21 - 30) - 26 - (-2 - -47)
-42
What is (1 - (45 - 3)) + 6 + 12 + -37 + 14?
-46
What is (143 - (-31 + 32)) + (-4 - 6) + 3?
135
Evaluate -1709 + 1730 - (-19 + 0).
40
-24 - (-16 + (-120 - -58))
54
What is the value of (1 - -10) + -82 + -35 + 116?
10
What is the value of -35 - (53 + 9 + -85)?
-12
Calculate -2 + 19 - (1563 + -1532).
-14
Calculate 73 - 113 - (26 - 1) - 21.
-86
What is the value of (938 - 948) + (1 - (11 + 5))?
-25
Calculate -7 - ((-17 - (7 + -13)) + -3 + -25).
32
What is (29 - (-11 - -70)) + 11 + -4 + 8 - 48?
-63
What is the value of 93 + -28 + -39 + 22?
48
What is 1 - (-22 + 2 + -1 + -27 + 26)?
23
-82 + (69 - 37) + -3
-53
(2 - (-112 + 2)) + (66 - (-18 + 83))
113
50 + -21 + -11 + 12 + 15 + 13
58
-4 + -11 + 69 + -148 - -9
-85
What is (1 + -11 - (147 + -131)) + -101?
-127
Evaluate (-90 - -130) + (17 - -3) + -25.
35
What is the value of (-2 - 10) + -5 + -34 + 63 - (12 - 2)?
2
What is 10 + 3 + -3 + 10 + 93 + -78?
35
(-184 - -83) + 59 + 4
-38
(3 - (-8 - 5)) + -30 + -15 + 25
-4
Calculate -27 + 29 + 27 - 52.
-23
What is the value of 0 + 39 + 2 - (32 + -113 - -89)?
33
What is the value of -21 - ((50 - 125) + 22)?
32
What is the value of 14 - (-18 + 8 - (1 + -1) - -26)?
-2
Evaluate (7 - (-36 - -144 - 38)) + -24.
-87
Evaluate 55 + -2 + (93 - (37 - -5) - 49).
55
What is (17 + -1 - 2) + (2098 - 2091)?
21
What is the value of (-22 - 73 - -24) + -91 + 47?
-115
Evaluate 4 - (15 - (5 - 14)) - -40.
20
What is the value of -25 - ((242 - 251) + (-2 - 3))?
-11
Calculate 14 + (-17 - -41) + -86 - (-2 - -22).
-68
-8 - ((-45 - (23 - 11)) + -29)
78
What is -26 + (23 - 104 - -82)?
-25
What is the value of 71 + 1 + 0 - (-1 - 28 - (-15269 - -15254))?
86
131 - 118 - (-7 - -1 - (-18 + 27))
28
What is the value of 0 - (-1 - -31) - (70 - (-92 - -166))?
-26
What is (-12 - 0) + (8 - (21 - 32)) + -22?
-15
9 + (-69 - (12 - (34 + -13) - 1))
-50
Calculate -8 - (-3 - 11 - (-33 + 50 + -35)).
-12
28 + -203 - (-22 - 57)
-96
Calculate 21 + 4 - (-374 + 364).
35
Evaluate -7 + (-1 - -3) - (-799 - -770).
24
23 + -25 - ((-66 - (-1 + 0)) + (-584 - -585))
62
What is the value of (3 - (-2 - -13)) + 1237 + -1247?
-18
(208 - 166) + -89 + 15
-32
What is 3 - (0 + 1 + 5 + (70 + -17 - 77))?
21
Evaluate (1 + -12 - (96 + -106) - 2) + -12.
-15
Calculate (-3 - -2) + -9 + (14 - 15 - -4 - 26).
-33
Evaluate (888 - 897) + (-3 - -2) - (-6 - -2).
-6
Calculate (-37 - -14 - -20 - (-2 - (1 - 4))) + -100.
-104
What is -1 + 8 + -7 + 4 - (14 - 4 - -3)?
-9
Calculate (44 - (5 - -1)) + 694 + -619.
113
What is -9 - (6 - 7) - 5 - (11 + -44)?
20
What is the value of 12 + 0 + 3 - (-730 + 731)?
14
(3 - (21 - 15)) + -7
-10
What is the value of (23 - (8 - -27)) + (3 - (1 + -3)) + -12?
-19
What is the value of 38 - (17 + (-22 + 0 - -23))?
20
Calculate 46 - (32 + -29 + 5 + 12).
26
2 + 25 + (19 - (11 + 30 - 13))
18
64 + 1 - (2 - (18 - (34 + -3 + -13)))
63
What is (-9 - (33 + -16) - -26) + (49 - (0 + -2))?
51
What is the value of 84 - ((48 - 52) + (-4 - -10) + 13)?
69
What is 42 - -67 - 123 - (-44 + -